6
What is the remainder when 887749 is divided by 186?
157
What is the remainder when 18583598 is divided by 175?
173
Calculate the remainder when 8363240 is divided by 852.
8
Calculate the remainder when 5970876 is divided by 16050.
276
What is the remainder when 83382620 is divided by 13?
9
Calculate the remainder when 17589575 is divided by 4184.
39
Calculate the remainder when 1200851 is divided by 970.
961
What is the remainder when 6848565 is divided by 8?
5
What is the remainder when 220082 is divided by 219969?
113
Calculate the remainder when 10193176 is divided by 1607.
1582
What is the remainder when 7008250 is divided by 346?
20
What is the remainder when 256149 is divided by 1370?
1329
What is the remainder when 46709 is divided by 9200?
709
Calculate the remainder when 1016276 is divided by 1932.
44
Calculate the remainder when 1067194 is divided by 222.
40
Calculate the remainder when 23740887 is divided by 155169.
30
What is the remainder when 2186691 is divided by 728881?
48
Calculate the remainder when 5606462 is divided by 1079.
1057
Calculate the remainder when 33864 is divided by 1728.
1032
Calculate the remainder when 1438807 is divided by 3067.
384
Calculate the remainder when 546862 is divided by 1085.
22
Calculate the remainder when 704313 is divided by 114.
21
What is the remainder when 555416 is divided by 2112?
2072
Calculate the remainder when 1238103 is divided by 412668.
99
Calculate the remainder when 3244 is divided by 620.
144
What is the remainder when 790387 is divided by 66?
37
What is the remainder when 5088883 is divided by 1272213?
31
What is the remainder when 16496146 is divided by 2749356?
10
Calculate the remainder when 4979540 is divided by 1047.
8
Calculate the remainder when 2064768 is divided by 29.
26
Calculate the remainder when 333261515 is divided by 444.
443
What is the remainder when 225607 is divided by 523?
194
Calculate the remainder when 33430795 is divided by 15814.
15813
Calculate the remainder when 73259 is divided by 4571.
123
Calculate the remainder when 289051 is divided by 2801.
548
What is the remainder when 76749 is divided by 3652?
57
What is the remainder when 2876470 is divided by 2876431?
39
Calculate the remainder when 56774 is divided by 1052.
1018
What is the remainder when 12315192 is divided by 29?
23
What is the remainder when 3942 is divided by 2057?
1885
Calculate the remainder when 234946072 is divided by 128036.
12
What is the remainder when 813679 is divided by 1408?
1263
What is the remainder when 1916852 is divided by 147450?
2
Calculate the remainder when 53685458 is divided by 81465.
23
Calculate the remainder when 11336106 is divided by 3778693.
27
Calculate the remainder when 16482551 is divided by 3296503.
36
Calculate the remainder when 95979 is divided by 47751.
477
What is the remainder when 202389 is divided by 348?
201
Calculate the remainder when 275850 is divided by 489.
54
Calculate the remainder when 4808727 is divided by 686940.
147
What is the remainder when 2951422 is divided by 1924?
6
What is the remainder when 2829105 is divided by 943033?
6
What is the remainder when 254114 is divided by 13?
3
Calculate the remainder when 70181340 is divided by 873.
870
What is the remainder when 391550 is divided by 12622?
268
What is the remainder when 8886081 is divided by 791?
778
What is the remainder when 8902 is divided by 6541?
2361
What is the remainder when 372005 is divided by 441?
242
What is the remainder when 1753210 is divided by 7098?
4
Calculate the remainder when 4527635 is divided by 614.
613
Calculate the remainder when 14053 is divided by 1072.
117
Calculate the remainder when 737124 is divided by 737058.
66
What is the remainder when 406083879 is divided by 205?
199
What is the remainder when 46531829 is divided by 2838?
2819
What is the remainder when 31903859 is divided by 65781?
74
What is the remainder when 591579 is divided by 220?
219
What is the remainder when 49323451 is divided by 56177?
45
Calculate the remainder when 62342 is divided by 113.
79
Calculate the remainder when 315766 is divided by 659.
105
What is the remainder when 8103961 is divided by 971?
966
What is the remainder when 4656373 is divided by 555?
478
What is the remainder when 3629402 is divided by 208?
10
Calculate the remainder when 6044328 is divided by 588.
276
What is the remainder when 11290209 is divided by 145?
74
Calculate the remainder when 4953448 is divided by 150.
148
Calculate the remainder when 820243 is divided by 409534.
1175
Calculate the remainder when 338161 is divided by 1221.
1165
What is the remainder when 83843152 is divided by 14617?
40
Calculate the remainder when 5850988 is divided by 1059.
13
Calculate the remainder when 9815927 is divided by 1963184.
7
What is the remainder when 20299849 is divided by 126874?
9
What is the remainder when 68698293 is divided by 692?
685
What is the remainder when 1176859 is divided by 1356?
1207
What is the remainder when 9550869 is divided by 454803?
6
Calculate the remainder when 327305 is divided by 998.
959
Calculate the remainder when 987596 is divided by 1808.
428
What is the remainder when 2491729 is divided by 18?
7
Calculate the remainder when 106295046 is divided by 21.
18
What is the remainder when 201722 is divided by 903?
353
Calculate the remainder when 88873 is divided by 83.
63
Calculate the remainder when 1516634 is divided by 206.
62
Calculate the remainder when 4366111 is divided by 845.
841
What is the remainder when 15170 is divided by 3040?
3010
What is the remainder when 42010687 is divided by 266?
243
Calculate the remainder when 1493402 is divided by 4008.
2426
Calculate the remainder when 250469017 is divided by 495.
7
Calculate the remainder when 412870 is divided by 137537.
259
What is the remainder when 645762 is divided by 6331?
0
What is the remainder when 19923 is divided by 5027?
4842
What is the remainder when 26200 is divided by 1635?
40
What is the remainder when 7096793 is divided by 418?
407
Calculate the remainder when 123194711 is divided by 273766.
11
Calculate the remainder when 3322439819 is divided by 105.
104
Calculate the remainder when 20182776 is divided by 190.
26
Calculate the remainder when 153823431 is divided by 38236.
3
Calculate the remainder when 10253 is divided by 971.
543
Calculate the remainder when 4749421 is divided by 237471.
1
Calculate the remainder when 425227 is divided by 2995.
2932
Calculate the remainder when 6882 is divided by 3041.
800
Calculate the remainder when 10404869 is divided by 1453.
1389
What is the remainder when 3622709 is divided by 52503?
2
What is the remainder when 1659193 is divided by 893?
892
Calculate the remainder when 103768609 is divided by 733.
731
Calculate the remainder when 1233075689 is divided by 2970.
2969
Calculate the remainder when 66739 is divided by 1368.
1075
What is the remainder when 60412 is divided by 30194?
24
What is the remainder when 1063140 is divided by 59?
19
What is the remainder when 93076 is divided by 249?
199
What is the remainder when 368456 is divided by 68?
32
Calculate the remainder when 51036 is divided by 16704.
924
Calculate the remainder when 17559870 is divided by 1254275.
20
Calculate the remainder when 178897 is divided by 3190.
257
What is the remainder when 34402813 is divided by 58?
55
What is the remainder when 220121 is divided by 1399?
478
Calculate the remainder when 3365715 is divided by 9246.
171
Calculate the remainder when 23170 is divided by 7202.
1564
What is the remainder when 3851879 is divided by 164?
11
What is the remainder when 875557 is divided by 94?
41
Calculate the remainder when 2561968 is divided by 696.
688
Calculate the remainder when 1173879 is divided by 4380.
39
What is the remainder when 1342337 is divided by 670242?
1853
Calculate the remainder when 881006 is divided by 1325.
1206
Calculate the remainder when 817635 is divided by 408713.
209
Calculate the remainder when 280404 is divided by 68439.
6648
What is the remainder when 90448 is divided by 348?
316
Calculate the remainder when 354245 is divided by 13604.
541
Calculate the remainder when 24406861 is divided by 27.
22
What is the remainder when 584437 is divided by 2170?
7